{"id":23,"date":"2015-09-08T11:51:46","date_gmt":"2015-09-08T09:51:46","guid":{"rendered":"http:\/\/www.hoergeraete-schiemann.de\/hannover\/?page_id=23"},"modified":"2015-09-08T11:51:49","modified_gmt":"2015-09-08T09:51:49","slug":"kostenloser-hoertest","status":"publish","type":"page","link":"https:\/\/www.hoergeraete-schiemann.de\/hannover\/kostenloser-hoertest\/","title":{"rendered":"kostenloser H\u00f6rtest"},"content":{"rendered":"<p>Bei uns k\u00f6nnen Sie einen <span class=\"Stil4\">kostenlosen H\u00f6rtest <\/span>durchf\u00fchren lassen. Besuchen Sie uns gerne in unserem Gesch\u00e4ft in Hannover, Ricklingen.<\/p>\n<p><img loading=\"lazy\" decoding=\"async\" class=\"alignleft wp-image-24 size-large\" src=\"http:\/\/www.hoergeraete-schiemann.de\/hannover\/wp-content\/uploads\/2015\/09\/3.11-1024x768.jpg\" alt=\"OLYMPUS DIGITAL CAMERA\" width=\"1024\" height=\"768\" srcset=\"https:\/\/www.hoergeraete-schiemann.de\/hannover\/wp-content\/uploads\/2015\/09\/3.11-1024x768.jpg 1024w, https:\/\/www.hoergeraete-schiemann.de\/hannover\/wp-content\/uploads\/2015\/09\/3.11-300x225.jpg 300w\" sizes=\"auto, (max-width: 1024px) 100vw, 1024px\" \/><\/p>\n","protected":false},"excerpt":{"rendered":"<p>Bei uns k\u00f6nnen Sie einen kostenlosen H\u00f6rtest durchf\u00fchren lassen. Besuchen Sie uns gerne in unserem Gesch\u00e4ft in Hannover, Ricklingen.<\/p>\n","protected":false},"author":1,"featured_media":0,"parent":0,"menu_order":0,"comment_status":"closed","ping_status":"closed","template":"","meta":{"footnotes":""},"class_list":["post-23","page","type-page","status-publish","czr-hentry"],"aioseo_notices":[],"_links":{"self":[{"href":"https:\/\/www.hoergeraete-schiemann.de\/hannover\/wp-json\/wp\/v2\/pages\/23","targetHints":{"allow":["GET"]}}],"collection":[{"href":"https:\/\/www.hoergeraete-schiemann.de\/hannover\/wp-json\/wp\/v2\/pages"}],"about":[{"href":"https:\/\/www.hoergeraete-schiemann.de\/hannover\/wp-json\/wp\/v2\/types\/page"}],"author":[{"embeddable":true,"href":"https:\/\/www.hoergeraete-schiemann.de\/hannover\/wp-json\/wp\/v2\/users\/1"}],"replies":[{"embeddable":true,"href":"https:\/\/www.hoergeraete-schiemann.de\/hannover\/wp-json\/wp\/v2\/comments?post=23"}],"version-history":[{"count":1,"href":"https:\/\/www.hoergeraete-schiemann.de\/hannover\/wp-json\/wp\/v2\/pages\/23\/revisions"}],"predecessor-version":[{"id":25,"href":"https:\/\/www.hoergeraete-schiemann.de\/hannover\/wp-json\/wp\/v2\/pages\/23\/revisions\/25"}],"wp:attachment":[{"href":"https:\/\/www.hoergeraete-schiemann.de\/hannover\/wp-json\/wp\/v2\/media?parent=23"}],"curies":[{"name":"wp","href":"https:\/\/api.w.org\/{rel}","templated":true}]}}