{"id":26,"date":"2015-09-08T11:59:02","date_gmt":"2015-09-08T09:59:02","guid":{"rendered":"http:\/\/www.hoergeraete-schiemann.de\/hannover\/?page_id=26"},"modified":"2015-10-09T16:56:27","modified_gmt":"2015-10-09T14:56:27","slug":"produkte","status":"publish","type":"page","link":"https:\/\/www.hoergeraete-schiemann.de\/hannover\/produkte\/","title":{"rendered":"H\u00f6rger\u00e4te"},"content":{"rendered":"<p>Mit Hilfe unserer H\u00f6rger\u00e4te\u00a0bieten wir Ihnen die M\u00f6glichkeit eines wieder nahezu uneingeschr\u00e4nkten H\u00f6rverm\u00f6gens, gew\u00e4hrleistet durch innvoative und neuste Technik der H\u00f6rger\u00e4teakustik.<\/p>\n<p>Jedes Geh\u00f6r ist einzigartig\u00a0 \u2013 wir finden f\u00fcr Sie das optimale H\u00f6rger\u00e4t.<\/p>\n\n\t\t<style type=\"text\/css\">\n\t\t\t#gallery-1 {\n\t\t\t\tmargin: auto;\n\t\t\t}\n\t\t\t#gallery-1 .gallery-item {\n\t\t\t\tfloat: left;\n\t\t\t\tmargin-top: 10px;\n\t\t\t\ttext-align: center;\n\t\t\t\twidth: 33%;\n\t\t\t}\n\t\t\t#gallery-1 img {\n\t\t\t\tborder: 2px solid #cfcfcf;\n\t\t\t}\n\t\t\t#gallery-1 .gallery-caption {\n\t\t\t\tmargin-left: 0;\n\t\t\t}\n\t\t\t\/* see gallery_shortcode() in wp-includes\/media.php *\/\n\t\t<\/style>\n\t\t<div id='gallery-1' class='gallery galleryid-26 gallery-columns-3 gallery-size-thumbnail'><dl class='gallery-item'>\n\t\t\t<dt class='gallery-icon landscape'>\n\t\t\t\t<img loading=\"lazy\" decoding=\"async\" width=\"150\" height=\"150\" src=\"https:\/\/www.hoergeraete-schiemann.de\/hannover\/wp-content\/uploads\/2015\/09\/PHONAK_Aude\u0301o_Golfball_wei\u00df-150x150.jpg\" class=\"attachment-thumbnail size-thumbnail\" alt=\"\" \/>\n\t\t\t<\/dt><\/dl><dl class='gallery-item'>\n\t\t\t<dt class='gallery-icon landscape'>\n\t\t\t\t<img loading=\"lazy\" decoding=\"async\" width=\"150\" height=\"150\" src=\"https:\/\/www.hoergeraete-schiemann.de\/hannover\/wp-content\/uploads\/2015\/09\/PHONAK_Audeo_Wuerfel_Spielfigur-150x150.jpg\" class=\"attachment-thumbnail size-thumbnail\" alt=\"\" \/>\n\t\t\t<\/dt><\/dl><dl class='gallery-item'>\n\t\t\t<dt class='gallery-icon portrait'>\n\t\t\t\t<img loading=\"lazy\" decoding=\"async\" width=\"150\" height=\"150\" src=\"https:\/\/www.hoergeraete-schiemann.de\/hannover\/wp-content\/uploads\/2015\/09\/CIC_MC_CRT_cShell_Size_Relation_Fingers_Pic1-150x150.jpg\" class=\"attachment-thumbnail size-thumbnail\" alt=\"\" \/>\n\t\t\t<\/dt><\/dl><br style=\"clear: both\" \/><dl class='gallery-item'>\n\t\t\t<dt class='gallery-icon landscape'>\n\t\t\t\t<img loading=\"lazy\" decoding=\"async\" width=\"150\" height=\"150\" src=\"https:\/\/www.hoergeraete-schiemann.de\/hannover\/wp-content\/uploads\/2015\/09\/ITE_FS_Directional_Size_Relation_Fingers_Pic3-150x150.jpg\" class=\"attachment-thumbnail size-thumbnail\" alt=\"\" \/>\n\t\t\t<\/dt><\/dl><dl class='gallery-item'>\n\t\t\t<dt class='gallery-icon landscape'>\n\t\t\t\t<img loading=\"lazy\" decoding=\"async\" width=\"150\" height=\"150\" src=\"https:\/\/www.hoergeraete-schiemann.de\/hannover\/wp-content\/uploads\/2015\/09\/ITC_HS_Size_Relation_Fingers_Pic6-150x150.jpg\" class=\"attachment-thumbnail size-thumbnail\" alt=\"\" \/>\n\t\t\t<\/dt><\/dl><dl class='gallery-item'>\n\t\t\t<dt class='gallery-icon landscape'>\n\t\t\t\t<img loading=\"lazy\" decoding=\"async\" width=\"150\" height=\"150\" src=\"https:\/\/www.hoergeraete-schiemann.de\/hannover\/wp-content\/uploads\/2015\/09\/Packshot_Audeo_V_10_xSReceiver_050-0186-P7-150x150.jpg\" class=\"attachment-thumbnail size-thumbnail\" alt=\"\" srcset=\"https:\/\/www.hoergeraete-schiemann.de\/hannover\/wp-content\/uploads\/2015\/09\/Packshot_Audeo_V_10_xSReceiver_050-0186-P7-150x150.jpg 150w, https:\/\/www.hoergeraete-schiemann.de\/hannover\/wp-content\/uploads\/2015\/09\/Packshot_Audeo_V_10_xSReceiver_050-0186-P7-300x300.jpg 300w, https:\/\/www.hoergeraete-schiemann.de\/hannover\/wp-content\/uploads\/2015\/09\/Packshot_Audeo_V_10_xSReceiver_050-0186-P7-1024x1024.jpg 1024w\" sizes=\"auto, (max-width: 150px) 100vw, 150px\" \/>\n\t\t\t<\/dt><\/dl><br style=\"clear: both\" \/><dl class='gallery-item'>\n\t\t\t<dt class='gallery-icon landscape'>\n\t\t\t\t<img loading=\"lazy\" decoding=\"async\" width=\"150\" height=\"150\" src=\"https:\/\/www.hoergeraete-schiemann.de\/hannover\/wp-content\/uploads\/2015\/09\/Widex-hoergeraete-150x150.jpg\" class=\"attachment-thumbnail size-thumbnail\" alt=\"\" \/>\n\t\t\t<\/dt><\/dl><dl class='gallery-item'>\n\t\t\t<dt class='gallery-icon landscape'>\n\t\t\t\t<img loading=\"lazy\" decoding=\"async\" width=\"150\" height=\"150\" src=\"https:\/\/www.hoergeraete-schiemann.de\/hannover\/wp-content\/uploads\/2015\/09\/CIC_MC_Size_Relation_Fingers_Pic25-150x150.jpg\" class=\"attachment-thumbnail size-thumbnail\" alt=\"\" \/>\n\t\t\t<\/dt><\/dl><dl class='gallery-item'>\n\t\t\t<dt class='gallery-icon landscape'>\n\t\t\t\t<img loading=\"lazy\" decoding=\"async\" width=\"150\" height=\"150\" src=\"https:\/\/www.hoergeraete-schiemann.de\/hannover\/wp-content\/uploads\/2015\/09\/Ohr-150x150.jpg\" class=\"attachment-thumbnail size-thumbnail\" alt=\"\" \/>\n\t\t\t<\/dt><\/dl><br style=\"clear: both\" \/>\n\t\t<\/div>\n\n","protected":false},"excerpt":{"rendered":"<p>Mit Hilfe unserer H\u00f6rger\u00e4te\u00a0bieten wir Ihnen die M\u00f6glichkeit eines wieder nahezu uneingeschr\u00e4nkten H\u00f6rverm\u00f6gens, gew\u00e4hrleistet durch innvoative und neuste Technik der H\u00f6rger\u00e4teakustik. Jedes Geh\u00f6r ist einzigartig\u00a0 \u2013 wir finden f\u00fcr Sie das optimale H\u00f6rger\u00e4t.<\/p>\n","protected":false},"author":1,"featured_media":0,"parent":0,"menu_order":0,"comment_status":"closed","ping_status":"closed","template":"","meta":{"footnotes":""},"class_list":["post-26","page","type-page","status-publish","czr-hentry"],"aioseo_notices":[],"_links":{"self":[{"href":"https:\/\/www.hoergeraete-schiemann.de\/hannover\/wp-json\/wp\/v2\/pages\/26","targetHints":{"allow":["GET"]}}],"collection":[{"href":"https:\/\/www.hoergeraete-schiemann.de\/hannover\/wp-json\/wp\/v2\/pages"}],"about":[{"href":"https:\/\/www.hoergeraete-schiemann.de\/hannover\/wp-json\/wp\/v2\/types\/page"}],"author":[{"embeddable":true,"href":"https:\/\/www.hoergeraete-schiemann.de\/hannover\/wp-json\/wp\/v2\/users\/1"}],"replies":[{"embeddable":true,"href":"https:\/\/www.hoergeraete-schiemann.de\/hannover\/wp-json\/wp\/v2\/comments?post=26"}],"version-history":[{"count":14,"href":"https:\/\/www.hoergeraete-schiemann.de\/hannover\/wp-json\/wp\/v2\/pages\/26\/revisions"}],"predecessor-version":[{"id":270,"href":"https:\/\/www.hoergeraete-schiemann.de\/hannover\/wp-json\/wp\/v2\/pages\/26\/revisions\/270"}],"wp:attachment":[{"href":"https:\/\/www.hoergeraete-schiemann.de\/hannover\/wp-json\/wp\/v2\/media?parent=26"}],"curies":[{"name":"wp","href":"https:\/\/api.w.org\/{rel}","templated":true}]}}